{"id":9963,"date":"2022-02-14T12:55:02","date_gmt":"2022-02-14T09:55:02","guid":{"rendered":"https:\/\/derimoshop.com\/?post_type=product&#038;p=9963"},"modified":"2024-05-23T16:58:37","modified_gmt":"2024-05-23T13:58:37","slug":"deri-capraz-canta","status":"publish","type":"product","link":"https:\/\/derimoshop.com\/index.php\/product\/deri-capraz-canta\/","title":{"rendered":"Deri \u00c7apraz \u00c7anta"},"content":{"rendered":"<p><strong>Hakiki Deriden \u0130mal Edilmi\u015ftir.<\/strong><\/p>\n<p><strong>Farkl\u0131 Renk Se\u00e7enekleri Mevcuttur.<\/strong><\/p>\n<p><strong>Meatal Fermuar ve Aksesuar Kullan\u0131lm\u0131\u015ft\u0131r.<\/strong><\/p>\n<p><strong>\u00dcr\u00fcn \u00d6l\u00e7\u00fcleri: 26 cm x 18 cm\u00a0<\/strong><\/p>\n<p><strong>\u00dcr\u00fcn \u0130\u00e7inde; Bir Adet Fermuarl\u0131 \u00d6n haznesi, \u0130ki Adet B\u00f6lmesi ve Arka Haznesinin \u0130\u00e7inde Bir Adet cep ve Fermuarl\u0131 Saklama Alan\u0131 Bulunmaktad\u0131r.<\/strong><\/p>\n<p>&nbsp;<\/p>\n","protected":false},"excerpt":{"rendered":"<p><strong>#KaliteyiBa\u015fkaYerdeArama<\/strong><\/p>\n","protected":false},"featured_media":10441,"comment_status":"open","ping_status":"closed","template":"","meta":[],"product_cat":[64],"product_tag":[],"_links":{"self":[{"href":"https:\/\/derimoshop.com\/index.php\/wp-json\/wp\/v2\/product\/9963"}],"collection":[{"href":"https:\/\/derimoshop.com\/index.php\/wp-json\/wp\/v2\/product"}],"about":[{"href":"https:\/\/derimoshop.com\/index.php\/wp-json\/wp\/v2\/types\/product"}],"replies":[{"embeddable":true,"href":"https:\/\/derimoshop.com\/index.php\/wp-json\/wp\/v2\/comments?post=9963"}],"wp:featuredmedia":[{"embeddable":true,"href":"https:\/\/derimoshop.com\/index.php\/wp-json\/wp\/v2\/media\/10441"}],"wp:attachment":[{"href":"https:\/\/derimoshop.com\/index.php\/wp-json\/wp\/v2\/media?parent=9963"}],"wp:term":[{"taxonomy":"product_cat","embeddable":true,"href":"https:\/\/derimoshop.com\/index.php\/wp-json\/wp\/v2\/product_cat?post=9963"},{"taxonomy":"product_tag","embeddable":true,"href":"https:\/\/derimoshop.com\/index.php\/wp-json\/wp\/v2\/product_tag?post=9963"}],"curies":[{"name":"wp","href":"https:\/\/api.w.org\/{rel}","templated":true}]}}