{"id":7962,"date":"2020-10-13T15:46:19","date_gmt":"2020-10-13T12:46:19","guid":{"rendered":"https:\/\/derimoshop.com\/?post_type=product&#038;p=7962"},"modified":"2022-09-27T14:44:59","modified_gmt":"2022-09-27T11:44:59","slug":"set-kutusu-2","status":"publish","type":"product","link":"https:\/\/derimoshop.com\/index.php\/product\/set-kutusu-2\/","title":{"rendered":"Set Kutusu"},"content":{"rendered":"<p>Set kutusu i\u00e7erikleri<\/p>\n<p>Kemer, C\u00fczdan veya Kartl\u0131k<\/p>\n<p>Kombinleri sitemizden se\u00e7ti\u011finiz \u00fcr\u00fcnlerimiz ile kendinizde olu\u015fturabilirsiniz<\/p>\n","protected":false},"excerpt":{"rendered":"<p>Set kutusu i\u00e7erikleri Kemer, C\u00fczdan veya Kartl\u0131k Kombinleri sitemizden se\u00e7ti\u011finiz \u00fcr\u00fcnlerimiz ile kendinizde olu\u015fturabilirsiniz<\/p>\n","protected":false},"featured_media":7963,"comment_status":"open","ping_status":"closed","template":"","meta":[],"product_cat":[72],"product_tag":[],"_links":{"self":[{"href":"https:\/\/derimoshop.com\/index.php\/wp-json\/wp\/v2\/product\/7962"}],"collection":[{"href":"https:\/\/derimoshop.com\/index.php\/wp-json\/wp\/v2\/product"}],"about":[{"href":"https:\/\/derimoshop.com\/index.php\/wp-json\/wp\/v2\/types\/product"}],"replies":[{"embeddable":true,"href":"https:\/\/derimoshop.com\/index.php\/wp-json\/wp\/v2\/comments?post=7962"}],"wp:featuredmedia":[{"embeddable":true,"href":"https:\/\/derimoshop.com\/index.php\/wp-json\/wp\/v2\/media\/7963"}],"wp:attachment":[{"href":"https:\/\/derimoshop.com\/index.php\/wp-json\/wp\/v2\/media?parent=7962"}],"wp:term":[{"taxonomy":"product_cat","embeddable":true,"href":"https:\/\/derimoshop.com\/index.php\/wp-json\/wp\/v2\/product_cat?post=7962"},{"taxonomy":"product_tag","embeddable":true,"href":"https:\/\/derimoshop.com\/index.php\/wp-json\/wp\/v2\/product_tag?post=7962"}],"curies":[{"name":"wp","href":"https:\/\/api.w.org\/{rel}","templated":true}]}}