{"id":10848,"date":"2024-06-11T09:07:34","date_gmt":"2024-06-11T06:07:34","guid":{"rendered":"https:\/\/derimoshop.com\/?post_type=product&#038;p=10848"},"modified":"2024-06-27T17:08:48","modified_gmt":"2024-06-27T14:08:48","slug":"deri-pasaportluk","status":"publish","type":"product","link":"https:\/\/derimoshop.com\/index.php\/product\/deri-pasaportluk\/","title":{"rendered":"Deri Pasaportluk"},"content":{"rendered":"<p>Hakiki Deriden \u0130mal Edilmi\u015ftir.<\/p>\n<p>Farkl\u0131 Renk Se\u00e7enekleri Bulunmaktad\u0131r.<\/p>\n<p>\u00dcr\u00fcn \u00d6l\u00e7\u00fcleri; 11cm x 14,5cm<\/p>\n<p>\u00dcr\u00fcn \u0130\u00e7erisinde 1 adet Pasaportluk, 4 adet Kart B\u00f6lmesi ve 1 adet Gizli Fermuarl\u0131 Haznesi bulunmaktad\u0131r.<\/p>\n<p>\u00dcr\u00fcn D\u0131\u015f K\u0131sm\u0131nda 1 Adet Kart B\u00f6lmesi Bulunmaktad\u0131r.<\/p>\n","protected":false},"excerpt":{"rendered":"<p><em><strong>#KaliteyiBa\u015fkaYerdeArama<\/strong><\/em><\/p>\n<h6>Renk: SIYAH<\/h6>\n<h6>Kod:\u00a0 2040<\/h6>\n<h6>Marka: DER\u0130MO LEATHER<\/h6>\n","protected":false},"featured_media":11083,"comment_status":"open","ping_status":"closed","template":"","meta":[],"product_cat":[65,73],"product_tag":[],"_links":{"self":[{"href":"https:\/\/derimoshop.com\/index.php\/wp-json\/wp\/v2\/product\/10848"}],"collection":[{"href":"https:\/\/derimoshop.com\/index.php\/wp-json\/wp\/v2\/product"}],"about":[{"href":"https:\/\/derimoshop.com\/index.php\/wp-json\/wp\/v2\/types\/product"}],"replies":[{"embeddable":true,"href":"https:\/\/derimoshop.com\/index.php\/wp-json\/wp\/v2\/comments?post=10848"}],"wp:featuredmedia":[{"embeddable":true,"href":"https:\/\/derimoshop.com\/index.php\/wp-json\/wp\/v2\/media\/11083"}],"wp:attachment":[{"href":"https:\/\/derimoshop.com\/index.php\/wp-json\/wp\/v2\/media?parent=10848"}],"wp:term":[{"taxonomy":"product_cat","embeddable":true,"href":"https:\/\/derimoshop.com\/index.php\/wp-json\/wp\/v2\/product_cat?post=10848"},{"taxonomy":"product_tag","embeddable":true,"href":"https:\/\/derimoshop.com\/index.php\/wp-json\/wp\/v2\/product_tag?post=10848"}],"curies":[{"name":"wp","href":"https:\/\/api.w.org\/{rel}","templated":true}]}}