{"id":10513,"date":"2022-08-18T18:54:04","date_gmt":"2022-08-18T15:54:04","guid":{"rendered":"https:\/\/derimoshop.com\/?post_type=product&#038;p=10513"},"modified":"2024-05-23T16:12:19","modified_gmt":"2024-05-23T13:12:19","slug":"deri-capraz-canta-5","status":"publish","type":"product","link":"https:\/\/derimoshop.com\/index.php\/product\/deri-capraz-canta-5\/","title":{"rendered":"Deri \u00c7apraz \u00c7anta"},"content":{"rendered":"<p>Hakiki Deriden \u0130mal Edilmi\u015ftir.<\/p>\n<p>Aksesuar ve fermaur Paslanmaz Metalden \u00dcretilmi\u015ftir.<\/p>\n<p>\u00dcr\u00fcn \u00d6l\u00e7\u00fcleri; 21cm \u2013 12cm(\u0130\u00e7 Geni\u015fli\u011fi 4cm)<\/p>\n<p>\u00dcr\u00fcn\u00fcn \u00d6n Cebinde 6 Adet Cep Bulunmaktad\u0131r.\u00dcr\u00fcn\u00fcm\u00fcz Kemere Tak\u0131larak da Kullan\u0131labilir.<\/p>\n<p>Farkl\u0131 Renk\u00a0 Se\u00e7enekleri Mevcuttur.<\/p>\n","protected":false},"excerpt":{"rendered":"<p><em><strong>#KaliteyiBa\u015fkaYerdeArama<\/strong><\/em><\/p>\n<h6>Renk: TABA<\/h6>\n<h6>Kod: 1036<\/h6>\n<h6>Marka: DER\u0130MO LEATHER<\/h6>\n","protected":false},"featured_media":10510,"comment_status":"open","ping_status":"closed","template":"","meta":[],"product_cat":[64],"product_tag":[],"_links":{"self":[{"href":"https:\/\/derimoshop.com\/index.php\/wp-json\/wp\/v2\/product\/10513"}],"collection":[{"href":"https:\/\/derimoshop.com\/index.php\/wp-json\/wp\/v2\/product"}],"about":[{"href":"https:\/\/derimoshop.com\/index.php\/wp-json\/wp\/v2\/types\/product"}],"replies":[{"embeddable":true,"href":"https:\/\/derimoshop.com\/index.php\/wp-json\/wp\/v2\/comments?post=10513"}],"wp:featuredmedia":[{"embeddable":true,"href":"https:\/\/derimoshop.com\/index.php\/wp-json\/wp\/v2\/media\/10510"}],"wp:attachment":[{"href":"https:\/\/derimoshop.com\/index.php\/wp-json\/wp\/v2\/media?parent=10513"}],"wp:term":[{"taxonomy":"product_cat","embeddable":true,"href":"https:\/\/derimoshop.com\/index.php\/wp-json\/wp\/v2\/product_cat?post=10513"},{"taxonomy":"product_tag","embeddable":true,"href":"https:\/\/derimoshop.com\/index.php\/wp-json\/wp\/v2\/product_tag?post=10513"}],"curies":[{"name":"wp","href":"https:\/\/api.w.org\/{rel}","templated":true}]}}