{"id":10062,"date":"2022-03-01T15:06:03","date_gmt":"2022-03-01T12:06:03","guid":{"rendered":"https:\/\/derimoshop.com\/?post_type=product&#038;p=10062"},"modified":"2024-05-23T16:18:14","modified_gmt":"2024-05-23T13:18:14","slug":"deri-sirt-cantasi-6","status":"publish","type":"product","link":"https:\/\/derimoshop.com\/index.php\/product\/deri-sirt-cantasi-6\/","title":{"rendered":"Deri S\u0131rt \u00c7antas\u0131"},"content":{"rendered":"<p>Hakiki Deriden \u0130mal Edilmi\u015ftir.<\/p>\n<p>Metal Aksesuar Kullan\u0131lm\u0131\u015ft\u0131r.<\/p>\n<p>\u00dcr\u00fcn\u00fcm\u00fcz Elde ve S\u0131rtta Ta\u015f\u0131nabilir.<\/p>\n<p>\u00dcr\u00fcn Boyutu;\u00a0 45cm x\u00a0 33cm<\/p>\n<p>\u00dcr\u00fcn D\u0131\u015f\u0131nda Bir Adet Fermuarl\u0131 \u00d6n Hazne Mevcuttur.\u00dcr\u00fcn \u0130\u00e7inde; 1 Adet Laptop B\u00f6lmesi,2 Adet \u015earz B\u00f6lmesi,2 Adet Kalemlik ,1 Adet Cep ve 2 Adet Kitap ve Evraklar \u0130\u00e7in B\u00f6lme Bulunmaktad\u0131r.<\/p>\n<p>Farkl\u0131 Renk Se\u00e7enekleri Mevcuttur.<\/p>\n","protected":false},"excerpt":{"rendered":"<p><em><strong>#KaliteyiBa\u015fkaYerdeArama<\/strong><\/em><\/p>\n<h6>Renk: KROKO BORDO<\/h6>\n<h6>Kod: 1037<\/h6>\n<h6>Marka: DER\u0130MO LEATHER<\/h6>\n","protected":false},"featured_media":10063,"comment_status":"open","ping_status":"closed","template":"","meta":[],"product_cat":[64],"product_tag":[],"_links":{"self":[{"href":"https:\/\/derimoshop.com\/index.php\/wp-json\/wp\/v2\/product\/10062"}],"collection":[{"href":"https:\/\/derimoshop.com\/index.php\/wp-json\/wp\/v2\/product"}],"about":[{"href":"https:\/\/derimoshop.com\/index.php\/wp-json\/wp\/v2\/types\/product"}],"replies":[{"embeddable":true,"href":"https:\/\/derimoshop.com\/index.php\/wp-json\/wp\/v2\/comments?post=10062"}],"wp:featuredmedia":[{"embeddable":true,"href":"https:\/\/derimoshop.com\/index.php\/wp-json\/wp\/v2\/media\/10063"}],"wp:attachment":[{"href":"https:\/\/derimoshop.com\/index.php\/wp-json\/wp\/v2\/media?parent=10062"}],"wp:term":[{"taxonomy":"product_cat","embeddable":true,"href":"https:\/\/derimoshop.com\/index.php\/wp-json\/wp\/v2\/product_cat?post=10062"},{"taxonomy":"product_tag","embeddable":true,"href":"https:\/\/derimoshop.com\/index.php\/wp-json\/wp\/v2\/product_tag?post=10062"}],"curies":[{"name":"wp","href":"https:\/\/api.w.org\/{rel}","templated":true}]}}